73
Let v(o) = -o**3 - 7*o**2 - 4*o - 1. Let j(c) = 5*c + 3. Let u be j(-2). Calculate the remainder when v(u) is divided by (2/6)/((87/126)/29).
13
Suppose -5*m + 65 = d, -2*m + 6*m + 140 = 4*d. Calculate the remainder when d is divided by 128/6 + 1/(-3).
19
Suppose 3*j - 5*j = -30. Let b be 3 - (3 + 0) - 54. Calculate the remainder when b/(-2) + 6 + -5 is divided by j.
13
Let q = 2192 - 2159. What is the remainder when 80 is divided by q?
14
Suppose 0 = -103*j + 91*j + 1536. What is the remainder when j is divided by 33?
29
Let f = 79 - 76. Suppose 4*h - f*i = 10, 4*h + 2*i - 33 + 13 = 0. Calculate the remainder when 8 is divided by h.
0
Suppose -4*x + 5*x - 4 = 0. Suppose -5*g - 18 = u, 6*g + 89 = -x*u + 3*g. Let a = u - -37. What is the remainder when a is divided by 8?
6
Let n be (32/(-56))/(2/(-14)). Suppose -3*s = n*s - 56. Calculate the remainder when 54 is divided by s.
6
Suppose 14*y - 2269 = -1751. Let u = 11 - 1. Calculate the remainder when y is divided by u.
7
Let v be -2 + 2 - 0 - -5. Suppose -v*k = -30 - 30. Calculate the remainder when k is divided by 7.
5
Let m = 936 - 920. What is the remainder when 75 is divided by m?
11
Let x = 274 + -263. Calculate the remainder when 67 is divided by x.
1
Suppose h - 3*v - 115 = 0, -3*h = -8*h + 2*v + 523. Calculate the remainder when h is divided by 52.
51
Suppose 2*p + 3*x - 4 = -0*p, 0 = -4*p + 3*x + 44. Let h = 51 - p. What is the remainder when 83 is divided by h?
40
Let a(w) = -w**3 - 6*w**2 - 3*w - 59. What is the remainder when 31 is divided by a(-7)?
9
Let m(l) = -l**2 + 6*l - 8. Let g be m(-7). Let d = g + 141. Calculate the remainder when 82 is divided by d.
40
Calculate the remainder when (-64)/(-2) - 3*2 is divided by 7.
5
Let g be (279/(-6))/(3/(-6)). Suppose 86 = 5*w - 4*c, 5*w - g = -0*w - 3*c. Calculate the remainder when 88 is divided by w.
16
Let j(c) = -13*c**2 + c - 4. Let y(v) = 13*v**2 - v + 5. Let r(s) = -6*j(s) - 5*y(s). What is the remainder when r(-1) is divided by 9?
4
Suppose 5*g - 12 = -3*x, -3*x = 4*g - 3*g. Suppose -5*j + g*j = -p - 9, 0 = -4*p - 12. Suppose 0 = 2*r - 8 - 10. Calculate the remainder when r is divided by j.
0
Suppose -3*m + d - 3*d = -162, -127 = -2*m + 5*d. Calculate the remainder when 445 is divided by m.
53
Suppose 148 = 3*c - q, 0*c + 2*c - 4*q - 102 = 0. Calculate the remainder when c is divided by 16.
1
Let q = -118 + 160. Calculate the remainder when q is divided by 5.
2
Let j(o) = -o**2 + 7*o + 85. What is the remainder when 269 is divided by j(13)?
3
Suppose -z = 4*r + 49, 3*z - 19 = r + 3. Let a = 26 + r. Let f = a + -7. What is the remainder when 16 is divided by f?
4
Suppose 69*n - 2010 = 59*n. Suppose 0 = 3*y + 2*a - 41, y + a = -3*a - 3. What is the remainder when n is divided by y?
14
Let d(l) = -l**3 + 3*l**2 + l + 3. Let o be d(3). Let s(y) = 1 + 3*y**2 + 4*y + 0*y**2 - o. Calculate the remainder when 58 is divided by s(2).
13
Let g = -89 - -134. Let t = g - 11. What is the remainder when t is divided by 6?
4
Suppose 3*h + 2*h - w = 24, -4*h - w = -21. Suppose d - h*l = -d + 15, -2*l = 3*d - 70. Let z = 83 + -72. Calculate the remainder when d is divided by z.
9
Let m = 1635 - 1609. Calculate the remainder when m is divided by 2/6 - (-26)/3.
8
Calculate the remainder when ((-4)/20)/(27/45)*-387 is divided by 26.
25
Let j = -6 - -33. Calculate the remainder when (-167 + -4)*(-2)/6 - 5 is divided by j.
25
Suppose 140*v = 149*v - 234. What is the remainder when 233 is divided by v?
25
Suppose -g + 2 = -3*i, 5*g = -2*i - 3*i - 30. Let a = 126 + g. Suppose w = -5*t + 4*t + 31, -4*t - 3*w = -a. Calculate the remainder when 57 is divided by t.
28
Suppose -2*f - 2 = -3*f, 3*f - 98 = -2*w. Calculate the remainder when 136 is divided by w.
44
Suppose -31*f = -36*f + 310. Let r = -34 + 47. Calculate the remainder when f is divided by r.
10
Let m(t) = t**3 + 13*t**2 - 15*t + 15. Let a be m(-14). Suppose 0 = 3*u - 2*u - a. Suppose 0 - 15 = -p. What is the remainder when u is divided by p?
14
Let c = 13 - 17. What is the remainder when 16 is divided by c/((-8)/10) - -1?
4
Suppose -4*v + 300 + 813 = -5*j, -3*v + 841 = -5*j. What is the remainder when v is divided by 55?
52
Let n(m) = 5*m**3 - 3*m**2 + 2. Let u be n(2). Suppose 0 = 2*b + b - u. Let g = 35 - 31. What is the remainder when b is divided by g?
2
Let q(g) = g**3 - 21*g**2 - 70. What is the remainder when q(23) is divided by 32?
28
Suppose 5*g = 4*k + 6*g - 255, -3*k + 193 = -g. Calculate the remainder when 228 is divided by k.
36
Let s(c) = -c**2 - 8*c - 9. Let x be s(-7). Let p = 0 - x. Calculate the remainder when p/6 - 191/(-3) is divided by 22.
20
Let i(p) = -3*p - 9. Let n = -197 - -222. Calculate the remainder when n is divided by i(-8).
10
Let d = 58 + -54. Calculate the remainder when 69 is divided by d.
1
Let j(v) = 7*v + 181. What is the remainder when 429 is divided by j(-19)?
45
Let l(n) = n**3 - 9*n**2 + 4*n + 7. Let t be l(8). Let s = t - -106. Suppose 2*i - 147 = s. What is the remainder when i is divided by 29?
27
Let l be 4/8*0/2. Suppose l = 4*g - 68 + 12. What is the remainder when 55 is divided by g?
13
Let u be 45/(-1) - (0 - 2). Let q = u - 31. Let a = -53 - q. Calculate the remainder when a is divided by 11.
10
Suppose 4*f + 0*f = 5*p - 101, 0 = 4*p - f - 83. Suppose 31*b - 47*b + 608 = 0. What is the remainder when b is divided by p?
17
Let d = -38 - -43. Suppose 2*o + 5*s - 41 = 26, -2*s + 115 = d*o. What is the remainder when o is divided by 6?
3
Let w(j) = j + 3. Let d be w(-8). Calculate the remainder when 34 is divided by (d/2)/((-2)/4).
4
What is the remainder when 2049 is divided by (-1323)/(-147)*19/3?
54
Let q be (-94)/(-2)*3/3 - -3. Suppose 14*g = 19*g - q. What is the remainder when 88 is divided by g?
8
Let s(z) be the second derivative of z**3/3 + z**2/2 - z. Calculate the remainder when 71 is divided by s(7).
11
Let y(u) = 8*u**2 - 2*u - 1. Suppose 2*x + 4*h - 2 - 10 = 0, 3*h = -9. Let w(t) = -t + 14. Let v be w(x). What is the remainder when y(v) is divided by 10?
7
Let s = -74 - -141. Suppose -4 = -p + s. Calculate the remainder when p is divided by 19.
14
Suppose 2*d + 176 = 4*d. Let x = -17 - -47. What is the remainder when d is divided by x?
28
Suppose 5*t - 3*n - 333 = -0*t, -227 = -3*t - 5*n. What is the remainder when t is divided by 24?
21
Let j(g) = 3*g + 3. Suppose 0 = 5*o - 25, -2*o + 32 = 2*p + 2*o. Suppose -3*u + p*u + 5*k = 31, 6 = 3*k. What is the remainder when j(5) is divided by u?
4
Let x(h) = h + 6. Let u be x(-2). Suppose -6*b = -2*b - 5*q - 22, -u*q - 17 = -3*b. What is the remainder when 25 is divided by b?
1
Suppose 4*p = 12, 0 = 4*z - 2*p + 14 - 36. What is the remainder when 7*(270/35 - 5) is divided by z?
5
What is the remainder when 2130 is divided by (-48346)/(-1794) - (-2)/39?
24
Suppose -11*y = -2*y - 36. Let w(o) = -o**2 + 7*o - 5. Calculate the remainder when 27 is divided by w(y).
6
Suppose -27*u = -9*u - 108. What is the remainder when 47 is divided by u?
5
What is the remainder when 248 is divided by (-4)/10 - (-8820)/175?
48
Let q = 928 - 644. What is the remainder when q is divided by 36?
32
Suppose 3*r = 6*r. Suppose r = h + 2*z - 9, -4*z + 9 = -h. Let c = 19 - h. Calculate the remainder when c is divided by 6.
4
Let w(h) = 9*h**2 + h. Suppose -c - 5*s - 9 = 0, -3*c + 11 + 2 = -5*s. Let b be w(c). Calculate the remainder when 2/(-5) - (-564)/b is divided by 19.
18
Calculate the remainder when 103 is divided by (-357)/153*(2 + -7 - -2).
5
Let r(v) = v**2 - 23*v + 59. What is the remainder when 729 is divided by r(21)?
15
Suppose 29*v = 43*v - 2702. Calculate the remainder when v is divided by 13.
11
What is the remainder when ((-36)/10)/(-1)*215/3 is divided by 82?
12
Let s(b) = b**2 + 10*b + 19. Let n be s(-8). Suppose g = -4*x + 37, 0 = -3*x + g + g + 14. Suppose l = x + n. Calculate the remainder when l is divided by 7.
4
Let x = -62 - 160. Let o = x + 362. Calculate the remainder when o is divided by 24.
20
Suppose 219 = -2*l + 3*l. Suppose -7*a = -10*a + l. Suppose 0 = -5*q + a + 32. What is the remainder when q is divided by 12?
9
Suppose 114 = 4*p + 34. Let v = 57 + -19. What is the remainder when v is divided by p?
18
Suppose 1731 = 2*j + 937. What is the remainder when j is divided by 21?
19